{"id":864,"date":"2025-03-03T13:19:26","date_gmt":"2025-03-03T12:19:26","guid":{"rendered":"https:\/\/equipamientoshrc.com\/tienda\/?post_type=product&#038;p=864"},"modified":"2025-03-03T13:19:26","modified_gmt":"2025-03-03T12:19:26","slug":"j1800pg-dosificador-jabon-liquido-industrial-rellenable-con-valvula-antigoteo-y-llave-hrc-serie-trendy","status":"publish","type":"product","link":"https:\/\/equipamientoshrc.com\/tienda\/j1800pg-dosificador-jabon-liquido-industrial-rellenable-con-valvula-antigoteo-y-llave-hrc-serie-trendy\/","title":{"rendered":"J1800PG DOSIFICADOR JAB\u00d3N LIQUIDO INDUSTRIAL RELLENABLE CON VALVULA ANTIGOTEO Y LLAVE HRC SERIE TRENDY"},"content":{"rendered":"<p>&nbsp;<\/p>\n<p>&nbsp;<\/p>\n<p>&nbsp;<\/p>\n","protected":false},"excerpt":{"rendered":"<ul>\n<li>Dosificador de jab\u00f3n liquido industrial rellenable con valvula antigoteo y llave HRC serie Trendy<\/li>\n<li>ABS Antiest\u00e1tico y dep\u00f3sito pl\u00e1stico apto gel hidroalcoh\u00f3lico<\/li>\n<li>Color: Blanco &#8211; Gris<\/li>\n<li>Medidas: 200 x 100 x 110<\/li>\n<li>Capacidad: 0.8 Litros<\/li>\n<\/ul>\n","protected":false},"featured_media":866,"comment_status":"open","ping_status":"closed","template":"","meta":{"_et_pb_use_builder":"","_et_pb_old_content":"","_et_gb_content_width":""},"product_cat":[21,64],"product_tag":[],"class_list":{"0":"post-864","1":"product","2":"type-product","3":"status-publish","4":"has-post-thumbnail","6":"product_cat-accesorios-colectivos","7":"product_cat-dosificadores-jabon","9":"first","10":"instock","11":"taxable","12":"shipping-taxable","13":"product-type-simple"},"_links":{"self":[{"href":"https:\/\/equipamientoshrc.com\/tienda\/wp-json\/wp\/v2\/product\/864","targetHints":{"allow":["GET"]}}],"collection":[{"href":"https:\/\/equipamientoshrc.com\/tienda\/wp-json\/wp\/v2\/product"}],"about":[{"href":"https:\/\/equipamientoshrc.com\/tienda\/wp-json\/wp\/v2\/types\/product"}],"replies":[{"embeddable":true,"href":"https:\/\/equipamientoshrc.com\/tienda\/wp-json\/wp\/v2\/comments?post=864"}],"wp:featuredmedia":[{"embeddable":true,"href":"https:\/\/equipamientoshrc.com\/tienda\/wp-json\/wp\/v2\/media\/866"}],"wp:attachment":[{"href":"https:\/\/equipamientoshrc.com\/tienda\/wp-json\/wp\/v2\/media?parent=864"}],"wp:term":[{"taxonomy":"product_cat","embeddable":true,"href":"https:\/\/equipamientoshrc.com\/tienda\/wp-json\/wp\/v2\/product_cat?post=864"},{"taxonomy":"product_tag","embeddable":true,"href":"https:\/\/equipamientoshrc.com\/tienda\/wp-json\/wp\/v2\/product_tag?post=864"}],"curies":[{"name":"wp","href":"https:\/\/api.w.org\/{rel}","templated":true}]}}