{"id":280,"date":"2023-11-29T10:18:45","date_gmt":"2023-11-29T09:18:45","guid":{"rendered":"https:\/\/equipamientoshrc.com\/tienda\/?post_type=product&#038;p=280"},"modified":"2023-11-29T10:18:46","modified_gmt":"2023-11-29T09:18:46","slug":"dosificador-jabon-horizontal-hrc-deposito-interior-polietileno-inox-brillo","status":"publish","type":"product","link":"https:\/\/equipamientoshrc.com\/tienda\/dosificador-jabon-horizontal-hrc-deposito-interior-polietileno-inox-brillo\/","title":{"rendered":"DOSIFICADOR JAB\u00d3N HORIZONTAL HRC. DEP\u00d3SITO INTERIOR POLIETILENO. INOX  BRILLO"},"content":{"rendered":"<p>3621901E &#8211; DOSIFICADOR JAB\u00d3N HORIZONTAL HRC. DEP\u00d3SITO INTERIOR POLIETILENO. INOX BRILLO<\/p>\n<p>ACERO INOX. AISI 304<\/p>\n<p>BRILLO<\/p>\n<p>200 X 130 X 115 MM. (Ancho,fondo,alto)<\/p>\n<p>1 LITRO<\/p>\n","protected":false},"excerpt":{"rendered":"<p>3621901E &#8211; DOSIFICADOR JAB\u00d3N HORIZONTAL HRC. DEP\u00d3SITO INTERIOR POLIETILENO. INOX BRILLO<\/p>\n<p>ACERO INOX. AISI 304<\/p>\n<p>BRILLO<\/p>\n<p>200 X 130 X 115 MM. (Ancho,fondo,alto)<\/p>\n<p>1 LITRO<\/p>\n","protected":false},"featured_media":278,"comment_status":"open","ping_status":"closed","template":"","meta":{"_et_pb_use_builder":"","_et_pb_old_content":"","_et_gb_content_width":""},"product_cat":[21,64],"product_tag":[],"class_list":{"0":"post-280","1":"product","2":"type-product","3":"status-publish","4":"has-post-thumbnail","6":"product_cat-accesorios-colectivos","7":"product_cat-dosificadores-jabon","9":"first","10":"instock","11":"taxable","12":"shipping-taxable","13":"purchasable","14":"product-type-simple"},"_links":{"self":[{"href":"https:\/\/equipamientoshrc.com\/tienda\/wp-json\/wp\/v2\/product\/280","targetHints":{"allow":["GET"]}}],"collection":[{"href":"https:\/\/equipamientoshrc.com\/tienda\/wp-json\/wp\/v2\/product"}],"about":[{"href":"https:\/\/equipamientoshrc.com\/tienda\/wp-json\/wp\/v2\/types\/product"}],"replies":[{"embeddable":true,"href":"https:\/\/equipamientoshrc.com\/tienda\/wp-json\/wp\/v2\/comments?post=280"}],"wp:featuredmedia":[{"embeddable":true,"href":"https:\/\/equipamientoshrc.com\/tienda\/wp-json\/wp\/v2\/media\/278"}],"wp:attachment":[{"href":"https:\/\/equipamientoshrc.com\/tienda\/wp-json\/wp\/v2\/media?parent=280"}],"wp:term":[{"taxonomy":"product_cat","embeddable":true,"href":"https:\/\/equipamientoshrc.com\/tienda\/wp-json\/wp\/v2\/product_cat?post=280"},{"taxonomy":"product_tag","embeddable":true,"href":"https:\/\/equipamientoshrc.com\/tienda\/wp-json\/wp\/v2\/product_tag?post=280"}],"curies":[{"name":"wp","href":"https:\/\/api.w.org\/{rel}","templated":true}]}}